What is -12 (base 5) in base 7?
-10
What is 321 (base 4) in base 16?
39
-3 (base 5) to base 15
-3
4 (base 16) to base 14
4
-111 (base 6) to base 14
-31
Convert 1 (base 14) to base 2.
1
What is -4 (base 6) in base 4?
-10
2 (base 11) to base 15
2
What is -60 (base 14) in base 3?
-10010
Convert 285 (base 9) to base 6.
1035
What is 28 (base 9) in base 3?
222
-6 (base 10) to base 2
-110
What is 134 (base 15) in base 7?
541
-2 (base 11) to base 12
-2
What is -10 (base 9) in base 12?
-9
-2 (base 8) to base 3
-2
Convert 8 (base 16) to base 2.
1000
Convert -1b (base 13) to base 5.
-44
Convert d (base 16) to base 10.
13
-97 (base 15) to base 9
-167
Convert 3 (base 5) to base 14.
3
95 (base 15) to base 9
165
What is 32 (base 4) in base 9?
15
What is -11 (base 3) in base 13?
-4
What is 1101 (base 2) in base 12?
11
Convert 3 (base 16) to base 7.
3
Convert -2 (base 14) to base 3.
-2
What is -62 (base 9) in base 12?
-48
Convert -5 (base 14) to base 2.
-101
235 (base 6) to base 7
164
101 (base 2) to base 11
5
Convert -6 (base 7) to base 10.
-6
What is -6 (base 9) in base 4?
-12
Convert -24 (base 10) to base 15.
-19
Convert 183 (base 14) to base 15.
15b
Convert 1 (base 14) to base 12.
1
What is -11 (base 3) in base 4?
-10
-40 (base 5) to base 2
-10100
Convert 101 (base 3) to base 9.
11
20 (base 6) to base 15
c
Convert -230 (base 4) to base 12.
-38
-21 (base 13) to base 9
-30
-6 (base 11) to base 10
-6
-104 (base 8) to base 4
-1010
Convert 24 (base 8) to base 5.
40
Convert -22 (base 4) to base 12.
-a
What is -5 (base 13) in base 3?
-12
Convert 2 (base 9) to base 7.
2
What is 7 (base 16) in base 4?
13
What is 0 (base 9) in base 14?
0
-101 (base 8) to base 10
-65
5 (base 13) to base 14
5
What is -1101 (base 2) in base 12?
-11
10 (base 2) to base 6
2
What is 0 (base 2) in base 15?
0
What is 0 (base 2) in base 10?
0
What is 1002 (base 3) in base 11?
27
What is -10 (base 2) in base 9?
-2
What is -223 (base 12) in base 11?
-267
What is 0 (base 3) in base 14?
0
What is -5d (base 15) in base 7?
-154
What is -1000 (base 3) in base 4?
-123
-3 (base 8) to base 10
-3
Convert 40 (base 7) to base 3.
1001
Convert -25 (base 9) to base 15.
-18
26 (base 8) to base 9
24
What is -1102 (base 5) in base 7?
-305
-47 (base 10) to base 6
-115
What is -1110 (base 2) in base 8?
-16
What is -4 (base 13) in base 16?
-4
Convert -10 (base 14) to base 4.
-32
Convert 54 (base 12) to base 10.
64
What is -7 (base 11) in base 14?
-7
Convert -1 (base 4) to base 12.
-1
-1 (base 5) to base 2
-1
Convert 33 (base 8) to base 10.
27
-130 (base 4) to base 6
-44
Convert 2 (base 3) to base 4.
2
Convert 1033 (base 5) to base 10.
143
Convert -100 (base 2) to base 9.
-4
Convert -10101011 (base 2) to base 9.
-210
0 (base 6) to base 5
0
What is 5 (base 12) in base 7?
5
What is 104 (base 6) in base 4?
220
121 (base 4) to base 15
1a
What is -10 (base 8) in base 4?
-20
Convert 71 (base 15) to base 3.
10221
What is 35 (base 7) in base 6?
42
Convert -a (base 15) to base 8.
-12
2202 (base 4) to base 2
10100010
Convert 0 (base 6) to base 5.
0
20 (base 5) to base 4
22
Convert -32 (base 5) to base 6.
-25
What is -13 (base 5) in base 6?
-12
Convert 1 (base 5) to base 2.
1
-10 (base 7) to base 10
-7
3 (base 14) to base 10
3
0 (base 16) to base 12
0
What is 13 (base 7) in base 16?
a
2 (base 16) to base 9
2
Convert 1 (base 12) to base 2.
1
What is 423 (base 6) in base 2?
10011111
Convert -2011 (base 5) to base 9.
-314
Convert -123 (base 5) to base 2.
-100110
What is 10 (base 14) in base 9?
15
-10001 (base 2) to base 4
-101
What is 3 (base 14) in base 5?
3
Convert -3 (base 11) to base 7.
-3
-10 (base 16) to base 8
-20
Convert 1d (base 15) to base 5.
103
36 (base 8) to base 6
50
Convert 55 (base 9) to base 7.
101
-267 (base 8) to base 2
-10110111
Convert 68 (base 13) to base 4.
1112
-5 (base 13) to base 9
-5
10 (base 5) to base 4
11
-10111 (base 2) to base 6
-35
What is 4 (base 8) in base 16?
4
What is 1 (base 8) in base 11?
1
-3 (base 7) to base 3
-10
0 (base 4) to base 11
0
Convert 49 (base 10) to base 7.
100
What is c1 (base 14) in base 16?
a9
Convert -4 (base 15) to base 6.
-4
-10100101 (base 2) to base 7
-324
-84 (base 10) to base 14
-60
What is 110 (base 2) in base 12?
6
What is 73 (base 12) in base 10?
87
-51 (base 10) to base 16
-33
Convert 3 (base 7) to base 2.
11
What is -6 (base 12) in base 8?
-6
What is 0 (base 9) in base 3?
0
Convert -20 (base 5) to base 4.
-22
-66 (base 11) to base 14
-52
Convert -104 (base 5) to base 15.
-1e
What is 54 (base 9) in base 6?
121
-30 (base 8) to base 3
-220
What is -19 (base 12) in base 15?
-16
Convert -22 (base 6) to base 9.
-15
2 (base 14) to base 15
2
3 (base 16) to base 14
3
-103 (base 11) to base 12
-a4
Convert b (base 14) to base 3.
102
Convert 67 (base 12) to base 9.
87
Convert -34 (base 16) to base 6.
-124
Convert -d (base 14) to base 3.
-111
What is 5 (base 10) in base 14?
5
12 (base 16) to base 12
16
What is 134 (base 9) in base 8?
160
Convert -1 (base 9) to base 12.
-1
-108 (base 13) to base 4
-2301
3 (base 12) to base 9
3
-1002 (base 4) to base 5
-231
-1000 (base 2) to base 6
-12
What is 11001 (base 2) in base 6?
41
111010 (base 3) to base 2
101100010
1 (base 12) to base 7
1
Convert 0 (base 12) to base 9.
0
-25 (base 15) to base 12
-2b
-110 (base 5) to base 14
-22
What is 194 (base 10) in base 4?
3002
0 (base 12) to base 11
0
33 (base 15) to base 10
48
What is -5 (base 16) in base 13?
-5
-135 (base 16) to base 10
-309
What is -424 (base 7) in base 10?
-214
-11102 (base 3) to base 8
-167
What is 10 (base 4) in base 2?
100
-30 (base 16) to base 11
-44
What is -20 (base 5) in base 10?
-10
What is 44 (base 15) in base 3?
2101
Convert 12 (base 6) to base 12.
8
-4 (base 6) to base 15
-4
-35 (base 7) to base 8
-32
What is -34 (base 6) in base 8?
-26
Convert 44 (base 7) to base 4.
200
What is 61 (base 7) in base 6?
111
Convert -4 (base 12) to base 10.
-4
Convert -10 (base 10) to base 8.
-12
Convert -10011 (base 3) to base 14.
-61
Convert 11 (base 16) to base 12.
15
Convert 121 (base 5) to base 11.
33
Convert -1121 (base 3) to base 4.
-223
What is 1 (base 12) in base 8?
1
100000 (base 2) to base 12
28
Convert -4 (base 16) to base 9.
-4
-33 (base 5) to base 9
-20
Convert -13 (base 15) to base 2.
-10010
0 (base 6) to base 13
0
38 (base 14) to base 4
302
-3 (base 16) to base 12
-3
Convert 91 (base 12) to base 15.
74
Convert 3 (base 15) to base 7.
3
Convert -37 (base 11) to base 2.
-101000
Convert 3 (base 11) to base 6.
3
What is 1 (base 7) in base 14?
1
Convert -47 (base 12) to base 8.
-67
-9 (base 12) to base 5
-14
Convert c (base 14) to base 16.
c
What is -2 (base 6) in base 16?
-2
Convert 51 (base 6) to base 16.
1f
Convert 2 (base 4) to base 11.
2
-6c (base 14) to base 3
-10120
2 (base 11) to base 8
2
What is -31 (base 4) in base 8?
-15
-70 (base 10) to base 9
-77
What is 25 (base 16) in base 7?
52
12 (base 5) to base 7
10
-69 (base 13) to base 6
-223
Convert -4 (base 16) to base 3.
-11
229 (base 11) to base 16
111
a (base 13) to base 8
12
What is 0 (base 5) in base 12?
0
Convert 3 (base 15) to base 5.
3
Convert 2c (base 15) to base 2.
101010
What is 200 (base 5) in base 3?
1212
What is 5 (base 8) in base 14?
5
Convert -4 (base 9) to base 6.
-4
Convert -3 (base 9) to base 8.
-3
Convert 322 (base 4) to base 16.
3a
Convert 2 (base 9) to base 14.
2
200 (base 4) to base 6
52
422 (base 5) to base 11
a2
Convert -23 (base 14) to base 8.
-37
10110 (base 2) to base 7
31
Convert 2 (base 12) to base 13.
2
Convert 70 (base 10) to base 4.
1012
Convert 3 (base 14) to base 4.
3
1 (base 15) to base 7
1
3 (base 9) to base 14
3
-77 (base 16) to base 10
-119
What is 3 (base 14) in base 4?
3
117 (base 10) to base 15
7c
Convert 2e (base 16) to base 4.
232
Convert -5 (base 15) to base 7.
-5
55 (base 7) to base 12
34
143 (base 7) to base 6
212
What is -1000 (base 2) in base 15?
-8
What is -171 (base 8) in base 4?
-1321
What is -29 (base 13) in base 16?
-23
What is -10 (base 4) in base 16?
-4
Convert -373 (base 8) to base 9.
-308
6 (base 12) to base 8
6
What is -11 (base 14) in base 2?
-1111
0 (base 4) to base 9
0
Convert 13 (base 5) to base 3.
22
What is -20 (base 12) in base 2?
-11000
What is 146 (base 9) in base 4?
1323
What is 22 (base 14) in base 15?
20
What is 3 (base 8) in base 13?
3
Conver